f 72 and 76?
4
Calculate the greatest common factor of 64 and 104.
8
What is the greatest common divisor of 28 and 1792?
28
Calculate the highest common divisor of 75 and 475.
25
Calculate the greatest common factor of 14 and 7.
7
Calculate the greatest common factor of 725 and 1595.
145
What is the greatest common factor of 154 and 126?
14
Calculate the greatest common factor of 1664 and 52.
52
What is the highest common divisor of 2075 and 25?
25
What is the highest common factor of 26 and 13871?
13
Calculate the greatest common factor of 646 and 68.
34
Calculate the highest common divisor of 505 and 5.
5
Calculate the highest common divisor of 15 and 245.
5
Calculate the highest common divisor of 8 and 8156.
4
What is the greatest common factor of 14536 and 158?
158
What is the highest common factor of 450 and 5?
5
What is the greatest common divisor of 31 and 3379?
31
What is the greatest common divisor of 15064 and 224?
56
Calculate the greatest common divisor of 462 and 616.
154
Calculate the highest common factor of 938 and 1474.
134
What is the greatest common factor of 115 and 8142?
23
What is the highest common divisor of 11180 and 20?
20
What is the highest common factor of 744 and 1302?
186
Calculate the greatest common divisor of 63 and 231.
21
What is the greatest common factor of 120 and 250?
10
What is the highest common factor of 42 and 2706?
6
What is the highest common divisor of 11919 and 87?
87
Calculate the greatest common factor of 5 and 335.
5
Calculate the greatest common divisor of 66 and 2167.
11
What is the highest common divisor of 6942 and 78?
78
Calculate the highest common divisor of 1178 and 124.
62
Calculate the highest common divisor of 45 and 423.
9
Calculate the greatest common factor of 629 and 391.
17
Calculate the highest common divisor of 689 and 91.
13
What is the highest common divisor of 10 and 1115?
5
Calculate the greatest common factor of 216 and 54.
54
What is the greatest common divisor of 172 and 1591?
43
Calculate the highest common divisor of 1071 and 36.
9
Calculate the highest common divisor of 196 and 532.
28
Calculate the highest common divisor of 16 and 4.
4
Calculate the highest common divisor of 66051 and 369.
369
Calculate the highest common factor of 2064 and 32.
16
Calculate the greatest common factor of 486 and 36.
18
Calculate the greatest common divisor of 19 and 6745.
19
Calculate the greatest common factor of 68 and 170.
34
What is the highest common divisor of 3240 and 40?
40
What is the highest common factor of 56 and 42?
14
Calculate the greatest common factor of 696 and 120.
24
Calculate the greatest common factor of 306 and 126.
18
What is the greatest common divisor of 1757 and 3263?
251
What is the greatest common factor of 216 and 4158?
54
What is the highest common divisor of 135 and 775?
5
Calculate the greatest common factor of 319 and 145.
29
What is the greatest common divisor of 10618 and 4?
2
What is the greatest common divisor of 5216 and 32?
32
What is the highest common divisor of 107 and 13375?
107
What is the highest common factor of 1690 and 260?
130
Calculate the highest common divisor of 38 and 2.
2
What is the highest common divisor of 2254 and 392?
98
What is the highest common divisor of 13231 and 131?
131
What is the highest common divisor of 70 and 110?
10
Calculate the greatest common factor of 1159 and 76.
19
What is the highest common divisor of 612 and 952?
68
Calculate the highest common factor of 39386 and 188.
94
What is the greatest common factor of 128 and 10?
2
Calculate the highest common divisor of 60 and 72.
12
What is the greatest common divisor of 5088 and 128?
32
Calculate the greatest common factor of 70 and 80.
10
What is the highest common divisor of 8 and 632?
8
Calculate the greatest common divisor of 1 and 91.
1
What is the greatest common divisor of 210 and 182?
14
Calculate the greatest common factor of 93 and 1023.
93
What is the highest common divisor of 9179 and 536?
67
Calculate the greatest common factor of 244 and 8.
4
What is the highest common divisor of 146 and 2?
2
Calculate the highest common factor of 1332 and 37.
37
Calculate the highest common factor of 60 and 552.
12
Calculate the greatest common divisor of 580 and 348.
116
Calculate the greatest common divisor of 390 and 3822.
78
Calculate the highest common divisor of 270 and 1152.
18
Calculate the greatest common factor of 100 and 350.
50
What is the highest common divisor of 75 and 1675?
25
Calculate the highest common divisor of 1899 and 27.
9
Calculate the highest common factor of 26754 and 7.
7
Calculate the highest common divisor of 350 and 14.
14
Calculate the highest common factor of 36 and 232.
4
What is the greatest common divisor of 568 and 7810?
142
Calculate the highest common divisor of 81 and 351.
27
What is the highest common divisor of 363 and 22?
11
Calculate the highest common factor of 95 and 5.
5
Calculate the highest common factor of 17 and 425.
17
What is the highest common factor of 90 and 36?
18
Calculate the highest common divisor of 452 and 8.
4
What is the greatest common factor of 34 and 629?
17
What is the greatest common divisor of 132 and 18084?
132
Calculate the greatest common divisor of 11 and 7183.
11
Calculate the greatest common divisor of 36 and 1116.
36
Calculate the greatest common divisor of 493 and 34.
17
What is the highest common divisor of 343 and 7?
7
What is the highest common factor of 7705 and 115?
115
Calculate the greatest common divisor of 5964 and 12.
12
What is the greatest common factor of 12586 and 186?
62
What is the highest common factor of 626 and 8?
2
Calculate the greatest common divisor of 4 and 192.
4
What is the highest common divisor of 728 and 273?
91
What is the greatest common factor of 22 and 18?
2
Calculate the highest common factor of 2050 and 1148.
82
What is the greatest common divisor of 590 and 10?
10
Calculate the highest common factor of 7831 and 41.
41
What is the highest common factor of 345 and 15?
15
What is the greatest common factor of 25168 and 13?
13
Calculate the greatest common divisor of 318 and 18.
6
What is the highest common divisor of 322 and 138?
46
What is the greatest common factor of 1666 and 84?
14
Calculate the highest common factor of 590 and 30.
10
Calculate the highest common divisor of 736 and 322.
46
What is the highest common factor of 329 and 376?
47
Calculate the greatest common factor of 300 and 8.
4
Calculate the greatest common divisor of 477 and 1125.
9
What is the greatest common factor of 84 and 147?
21
Calculate the highest common divisor of 13 and 1235.
13
Calculate the highest common factor of 76 and 44.
4
What is the greatest common divisor of 584 and 17812?
292
What is the greatest common divisor of 3 and 115?
1
What is the greatest common divisor of 9 and 2?
1
What is the highest common factor of 112 and 20860?
28
Calculate the greatest common divisor of 12 and 102.
6
What is the greatest common divisor of 2585 and 188?
47
What is the greatest common factor of 331 and 29459?
331
What is the highest common factor of 141 and 108?
3
What is the greatest common factor of 61 and 1?
1
Calculate the highest common divisor of 2263 and 1460.
73
Calculate the highest common divisor of 123 and 9.
3
What is the greatest common divisor of 41 and 41?
41
Calculate the greatest common divisor of 1020 and 3264.
204
Calculate the highest common divisor of 234 and 30.
6
Calculate the greatest common divisor of 56 and 364.
28
What is the greatest common factor of 116 and 14732?
116
Calculate the highest common divisor of 2109 and 333.
111
What is the highest common factor of 42 and 11760?
42
What is the greatest common divisor of 138 and 9?
3
What is the greatest common divisor of 117 and 4761?
9
What is the greatest common divisor of 4782 and 12?
6
Calculate the greatest common factor of 1746 and 54.
18
What is the greatest common factor of 7225 and 255?
85
Calculate the greatest common divisor of 610 and 10.
10
Calculate the highest common divisor of 3234 and 49.
49
What is the greatest common divisor of 112 and 1168?
16
What is the greatest common factor of 97 and 3007?
97
What is the highest common divisor of 94 and 1222?
94
Calculate the greatest common